Let i(x) be the second derivative of -3*x - 1/20*x**5 + 1/12*x**4 + 0 + 0*x**2 + 2/3*x**3. Suppose 71 = -18*y + 125. Give i(y).
-6
Let u(x) = -42*x - 631. Let y(v) = 13*v + 207. Let i(b) = -2*u(b) - 7*y(b). What is i(-26)?
-5
Let p(g) = -5*g**3 - 4*g**2 + g - 3. Let w(n) = -9*n**3 - 6*n**2 + 4*n - 5. Let c(v) = -7*p(v) + 4*w(v). Determine c(7).
-83
Let d = 34 - 31. Suppose -s + 8 = -3*o, 0 = -d*s - 2*s + 5*o. Let f(i) = -1 + 2*i + 158*i**2 - 7*i + 160*i**2 - 319*i**2. Calculate f(s).
3
Let q(d) = -2*d**3 - 5*d**2 - 10*d + 4. Let u = -396 - -392. Let z(y) = 3*y**3 + 5*y**2 + 10*y - 5. Let c(p) = u*q(p) - 3*z(p). Determine c(7).
-29
Let o(l) = -3 + 3*l + 6*l + 6 - 4*l - 14. Determine o(2).
-1
Let p(s) = 0*s + 2 - 3 - s + 4. Let g be p(-3). Let l(d) = 9*d**2 - 4*d**3 - 5*d**2 + 4*d + g + 2*d + 3*d**3. Determine l(5).
11
Suppose 0 = -5*y + 662 - 172. Suppose y = -o + 99. Let i(v) = -8*v**3 + 2*v**2 - v. Give i(o).
-7
Suppose -5*r - 12 = r. Let f be (r/3)/(-2 - 112/(-60)). Let c(p) = -10*p**2 + 2*p - 6. Let m(b) = 11*b**2 - 2*b + 7. Let n(x) = f*m(x) + 6*c(x). What is n(1)?
-4
Suppose 4*g = 9*g + 11*g. Let b(y) = 21 + 0*y + 1 + 6 + y. Calculate b(g).
28
Let k(n) = 12*n**2 + 15*n - 16. Let h be k(1). Let s(g) = 6*g - 12 - 10 + h. Determine s(5).
19
Let a be (-3 - -8)/(-5) - -4. Suppose -2*s + a*i = 8, 2*s - 5*i = 5*s - 26. Let x(u) = -u + 4. Calculate x(s).
2
Suppose -246*k - 415 = -251*k. Let l = 76 - k. Let x(d) = d**2 + 5*d - 8. Calculate x(l).
6
Let k(s) = 203*s - 129. Let d(j) = 91*j - 65. Let z(y) = 9*d(y) - 4*k(y). Determine z(9).
-6
Let x(v) be the third derivative of v**4/24 + v**3/2 + 221*v**2. Give x(-3).
0
Let k(g) = 2*g**2 + 62*g - 2. Let w = -16473 + 16442. Give k(w).
-2
Let q(w) = 513 + 67*w - 703 + 455. Determine q(-4).
-3
Let n(i) = -143*i - 742. Let k be n(-5). Let o(t) = -t**2 - 24*t + 77. What is o(k)?
-4
Let h(t) = 4*t - 4. Suppose 2*w + 83 = i, -3*i - 46 = 3*w - 286. Suppose 0 = 17*b - i - 21. Give h(b).
20
Let z(v) be the second derivative of 19*v**3/3 + 18*v**2 - 2786*v. Give z(-1).
-2
Suppose 22*h = 94 + 16. Suppose -4*o + 35 = -h*s, -8*s = -2*o - 9*s + 7. Let j(z) = -z**3 + 6*z**2 - 2*z - 9. What is j(o)?
6
Suppose 0 = -113*a + 327 - 101. Let l(g) = -7*g + 25. Calculate l(a).
11
Suppose 241 = -59*n - 73 - 99. Let p(q) = -2*q**3 - 8*q**2 + 16*q - 7. Calculate p(n).
175
Let f(g) be the third derivative of -11*g**4/24 - 67*g**3/6 + 232*g**2 - 2*g + 5. Calculate f(-15).
98
Let z = -93 - -486. Let v(k) = -394*k + 2 + 1 - z*k + 789*k. Calculate v(-3).
-3
Let g(q) = -17*q - 112. Suppose x + 4*b = 17, 4*b = 13*x - 9*x + 52. Determine g(x).
7
Let n(l) = -16150849 + 4*l + 16150726 - 18*l. Give n(-9).
3
Let c(r) = -7*r - 9*r + 34*r - 12*r + 11. Determine c(4).
35
Let o(g) = -16*g + 10. Let r be (-3 + 2 - -5) + (-6)/3. What is o(r)?
-22
Let q be (-25)/(-2) - (6/(-8))/((-24)/(-16)). Let d(p) = p**3 - 14*p**2 + 13*p - 4. Determine d(q).
-4
Let w(h) be the second derivative of h**5/10 + h**4/4 - h**2/2 - h. Let q be ((47380/(-927))/115)/(2/9). Calculate w(q).
-5
Let m(h) be the third derivative of h**6/120 + 5*h**5/12 - 25*h**4/24 - 28*h**3/3 + 374*h**2 + 3*h - 3. What is m(-26)?
-82
Suppose -5*f = -3*k - 16, 60*f + k = 62*f - 6. Let y(x) be the second derivative of -f*x**2 - 1/3*x**3 + 14*x + 0. Determine y(4).
-12
Suppose -x - 7 = 3*s, -x - 4*x + 41 = -4*s. Let l(r) = r**2 + 3*r + 3*r**3 - 4 + 2*r**2 + 0*r**3 - 4*r**3. Calculate l(x).
-39
Let n(h) = 5*h + 35. Let u = -904 - -898. What is n(u)?
5
Let h(w) be the second derivative of -16*w - 1/6*w**3 + 0 + 11/2*w**2. Let a be h(11). Let c(i) = -i**3 + i - 4. Give c(a).
-4
Let n(q) = -q**3 + 7*q**2 + 12*q - 28. Suppose -2*p - 14 = -b, 2*b + 2*p - 25 = 5*p. Calculate n(b).
4
Let g(m) be the first derivative of -5*m**4/4 + 2*m**3/3 + m**2/2 - m - 1662. Calculate g(-1).
5
Let l be 3/(-3) - (56/7)/(3 - 4). Let b(v) = -2*v - 22. What is b(l)?
-36
Let x(q) = -2*q - 16. Let m(z) = 4*z**3 + 15*z**2 - 2*z - 1. Let l be m(-4). Determine x(l).
2
Let s(v) = -15*v**3 + 2*v**2 - 2*v + 1. Let b be s(1). Let r be (-22)/b + 18/42. Let y(k) = r*k + 5*k - 5*k + 4 + 0*k. What is y(3)?
10
Let z(y) = 93*y - 91. Suppose -34*f + 24 = -10. Calculate z(f).
2
Let q = -487 - -503. Suppose 98 - 178 = -q*w. Let b(u) be the second derivative of u**4/12 - u**3 + 3*u**2 + 3*u. Calculate b(w).
1
Let q(f) = 4*f + 21. Let s(v) = v + 6. Let u(d) = 2*q(d) - 7*s(d). Let g(l) = -l + 1. Let z(m) = -g(m) - 2*u(m). Give z(-14).
13
Let h = 143 + -62. Let n(z) = -21 - 80*z + 17 + h*z. Give n(2).
-2
Let u(w) = 6*w**2 + 85*w + 4. Let f = 33045 - 33059. What is u(f)?
-10
Let z(b) = b - 12. Suppose 4*i + 164 = v, -2*i - 82 = 3*v + v. Let g(q) = -q**3 - 15*q**2 - 3*q + 6. Let r be g(-15). Let f = r + i. What is z(f)?
-2
Suppose 7 = 4*i - 5. Suppose -4*t - t = -5*w + 15, -i*w + 8 = -2*t. Let o(y) = y**3 - 5 - 2*y - 2*y + 5*y**w - 3*y. Calculate o(-6).
1
Let p(s) be the second derivative of -s**5/20 - 7*s**4/12 + 5*s**3/6 - 9*s**2 - 4*s + 395. Determine p(-8).
6
Let x be 12/(-10) + 1 + (-712)/(-10). Suppose 0*l - 5*u + 25 = -l, 5*l + 2*u + x = 0. Let r = -20 - l. Let g(s) = s**2 + 4*s - 7. What is g(r)?
-2
Let t(m) = 6. Let l(q) be the first derivative of q**2 + 33*q - 98. Let y(o) = -l(o) + 6*t(o). Determine y(-2).
7
Let k(n) = 23*n - 7. Suppose 42 + 33 - 12 = -63*i. What is k(i)?
-30
Let d = -9715 - -9718. Let r(l) be the third derivative of 0*l + 0 + 1/60*l**5 - 2/3*l**d - 1/12*l**4 - 23*l**2. Give r(3).
-1
Let q(y) = -y - 4. Let b(g) = g**3 + 6*g**2 - 3*g. Suppose 3*w - 102 = -120. Let h be b(w). Suppose h = -24*s + 27*s. Determine q(s).
-10
Let u(o) = -2*o + 7*o + 7*o - 396 + 409. Calculate u(-11).
-119
Suppose 45*s + 60*s + 2205 = -0*s. Let k(g) = 9*g**2 + 189*g + 5. Give k(s).
5
Let d(o) = o**2 - 10*o - 13. Let u be d(11). Let h = -4 + 6. Let b(m) = h - 5 + m + 1 + 3. Give b(u).
-1
Suppose 0 = -7*q + 9*q - 6. Let r(x) be the first derivative of x**5/30 + x**4/24 - 14*x**3/3 + 3*x + 27. Let v(g) be the third derivative of r(g). Give v(q).
13
Suppose 3*h - 3*g = 4*h - 5, g = 3*h - 15. Suppose m = -q - 7, m + q = 4*q + h. Let z(f) = 2 + f + 3*f - 9*f - f**2 + 4*f. Give z(m).
-10
Let i(n) = 67*n**2 + 126*n + 79. Let v(h) = -15*h**2 - 31*h - 19. Let b(j) = 2*i(j) + 9*v(j). Calculate b(-25).
37
Let n(r) = r + 1. Suppose -3*q + 14 - 11 = 0. Let w(m) = -13*m + 7. Let s(b) = q*w(b) - 6*n(b). Give s(1).
-18
Let r be -30*2*(4 + 128/(-20)). Let d = r + -142. Let s(m) = 2*m**2 + 1 - 3*m**3 - 3*m + 0*m + 2*m**3. Give s(d).
-5
Let n(b) = 95 - 7*b - 172 + 65. What is n(-3)?
9
Let c(v) be the second derivative of v**5/20 - 2*v**4 - v**3/3 + 16*v**2 - 1383*v. What is c(24)?
-16
Suppose 7*r - 7*r = -58*r - 696. Let z(m) = -m**3 - 13*m**2 - 8*m + 4. Determine z(r).
-44
Let f(v) = -452 + 903 + 3*v + 5*v**2 - 4*v**2 - 452. Suppose -6 = 2*r - 0*r. Determine f(r).
-1
Let l(u) be the first derivative of 13*u**2 + 74*u + 1374. Give l(-3).
-4
Let o = -1774 + 1769. Let f(i) = -2*i**2 - 14*i - 1. Calculate f(o).
19
Suppose 2*a = -20 + 40. Suppose -l - p + a = -5*p, 5*p + 9 = 3*l. Let j(v) = 3*v**2 - v + 2. Calculate j(l).
16
Let i(r) = -10*r**3 - 33*r**2 + 7*r + 54. Let t(u) = 7*u**3 + 22*u**2 - 6*u - 35. Let g(z) = 5*i(z) + 7*t(z). Determine g(-10).
-5
Let n(p) be the second derivative of p**4/2 - 4*p**3/3 + 5*p**2/2 - 248*p + 3. Give n(4).
69
Let c(t) = 18 + t**3 - 2280*t**2 + 34 + t + 6847*t**2 - 2281*t**2 - 2281*t**2. Determine c(-6).
10
Let d(w) be the second derivative of -5*w**3/2 - 73*w**2/2 + 3*w - 14. Give d(-5).
2
Let h(u) = u**3 - 2*u**2 - 4*u + 1. Suppose -2*f - 2*f + 560 = w, f - 3*w = 153. Let d = f - 138. What is h(d)?
-2
Let z(l) = l**3 + 62*l**2 - 58*l + 323. Let v be z(-63). Let m(s) = -5*s + 6. Give m(v).
-34
Let t(y) = -7*y**3 + 20*y**2 - 10*y + 19. Let q(g) = -20*g**3 + 55*g**2 - 29*g + 54. Let f(n) = 6*q(n) - 17*t(n). Determine f(-10).
41
Let p be (-2 - (-30)/12)*16. Let r be p/(-6) - 114/(-18). Let h(m) = 2*m + 6. Give h(r).
16
Let g(s) = -s**2 - 11*s + 26. Let b(x) = -5*x - 68. Let t be b(-14). What is g(t)?
0
Suppose -c + 22 = c + 5*n, -3*c = 5*n - 23. Let z(x) = 4 - 9*x - c + 2*x. Suppose -947*a + 949*a = -2*f + 10, a + 4*f - 14 = 0. Give z(a).
-11
Let u(b) = 17*b - 8. Let q be 51/17*(-3 - 10/(-3)). Determine u(q).
9
Let c(i) = -9